 of -15 + -21 + 25 - -14?
3
Calculate -1 + -14 - -12 - -13.
10
Evaluate -394 + 409 + -16 + -1.
-2
(-14 + 7 - -8) + -11 + (4 - 3)
-9
Calculate 8 + -16 - (-24 + -11 + 9).
18
What is the value of 0 + 40 - 3 - 22?
15
Evaluate 24 - (6 - -1 - (7 + -15 + 18)).
27
What is the value of 24 + (5 - 23) - 1?
5
0 + 1 - (-3 - (-3 - (4 + 2)))
-5
What is 31 - (26 + -27 - (-2 + -2))?
28
What is the value of -3 + (10 - -6) + -20 + 30?
23
What is 8 - 12 - (29 + -25)?
-8
What is the value of (-4 - 9 - -28) + -9?
6
Calculate 29 + 10 + -30 - (0 - 19).
28
Calculate -7 - (15 + (-40 - -11)).
7
(-27 - -7) + -81 + 126
25
Evaluate -20 + 9 + 7 - ((6 - 4) + 10).
-16
Calculate (8 - 7) + (3 + 6 + -2 - 8).
0
Evaluate -13 - -19 - 21 - (0 + -11).
-4
What is -43 + 56 - (10 - -7)?
-4
Calculate (6 - (-3 + -9) - 0) + (-3 - -8).
23
(-1 - -12) + (-11 - 30 - -23)
-7
What is the value of -29 + (4 - -18 - -16)?
9
Calculate -1 + 6 - ((12 - 16) + -1 + 9).
1
Evaluate 4 - 30 - (76 - 118).
16
What is -1 + 3 + -5 + (-1 - 6 - -2)?
-8
What is the value of 7 + -3 + 6 + -36 + (-3 - 1)?
-30
What is 45 - (-19 + 38) - 9?
17
What is 2 + -24 + (-14 + 6 - -11 - 3)?
-22
12 - (-4 + 2 - 8 - (-25 - -19))
16
Calculate -3 - ((20 - (0 - -11)) + 6).
-18
19 - ((3 - 5 - -2 - -1) + 1)
17
Calculate -10 - 1 - (9 + -1) - (6 - 7).
-18
What is the value of 5 - ((-34 - -31) + -2)?
10
What is -10 - (23 + -38 + -12)?
17
What is the value of (1 - 0) + -43 + 53?
11
What is the value of (1 - -21) + (-171 - -149)?
0
Calculate 4 + -22 + (33 - 60 - -34).
-11
14 - 0 - (-242 + 251)
5
16 - 2 - (79 - 69)
4
Evaluate 7 - (-33 - (24 + -48)).
16
Evaluate (15 - (6 + 23)) + 8.
-6
What is the value of (-7 + 19 + -36 - -32) + (-1 - -15)?
22
227 + -210 + -16 + 0
1
Calculate 16 + 36 - 41 - (-4 - 2).
17
What is the value of 14 + -13 + (-9 - -7)?
-1
Evaluate 13 + 13 + -10 - -3.
19
What is -55 - -59 - ((2 - -13) + 1 + -1)?
-11
What is the value of -10 + (-44 - -40) - -20?
6
Evaluate 9 + (-2 - ((18 - 7) + -10)).
6
What is the value of (-3 - 6 - (-24 - -23)) + (0 - -9)?
1
What is 27 - (-16 + 39 + -16 - (-1 - -3))?
22
Evaluate 2 + -20 - (4 + -10).
-12
What is the value of 1 - 0 - 10 - 0?
-9
What is the value of 0 - -2 - (-85 - -77)?
10
Calculate (-4 - 3) + (-17 + 26 - 13).
-11
Calculate 17 + -6 - (-3 + -2).
16
What is the value of -15 - (-85 + 81 + (-4 - -1))?
-8
9 - (5 + 2 + -13)
15
What is the value of -104 + 87 + 22 + (1 - 14)?
-8
What is (5 - 11) + 7 + 5 + -3 - 5?
-2
16 - -2 - (-5 - (11 - 20) - 1)
15
Evaluate (-404 - -414) + (-1 - -4).
13
Calculate -2 + -17 - (45 + -50) - (-5 - -8).
-17
What is the value of 3 + (13 + -38 - -26)?
4
What is -1 + 0 + (-23 - -20) - (-96 + 77)?
15
(-4 - (-2 + 9)) + 12 + -11
-10
Evaluate 23 - (23 + 7 + -28).
21
Calculate 3 + -20 + 3 + 11 + -3.
-6
Calculate -8 - (8 + -20) - (12 + 0) - 5.
-13
(-7 - 1) + -55 + 63 + -2
-2
What is the value of (-6 - (51 + -32)) + 23?
-2
What is -4 - (4 + -4 + (0 - -2) + 0)?
-6
Calculate 3 + (-15 - -2) + 11.
1
What is 17 + -4 + -39 + 40?
14
(102 - 124) + (-1 - -18)
-5
0 + 1 - ((-9 + 13 - 7) + 11)
-7
What is the value of -3 + (1 - 0 - (-18 - -21)) + 9?
4
Evaluate (72 - 37 - 38) + -14.
-17
Evaluate (-3 - (-2 + (3 - (1 + 2)))) + -3.
-4
What is the value of 48 + -37 + (-40 - -6)?
-23
(-1 - (7 - 1) - 6) + -3 - 6
-22
Calculate 3 + -21 - -17 - 6.
-7
Calculate 6 + -4 + -1 + -100 + 94.
-5
Calculate -15 - (14 - -2 - 33).
2
Calculate 0 + -20 + 3 + 14.
-3
Calculate -5 - 2 - (-24 - (16 - (75 + -19))).
-23
Evaluate (-7 - (-8 + -2)) + -12 + 23.
14
Calculate 14 - ((7 - (4 - 0)) + 16).
-5
-17 + (-5 - (-6 - -10) - -9)
-17
Calculate -29 - (-5 + 0 - 22).
-2
What is 7 + (-14 + 27 - 24) + 22?
18
-4 - -1 - (-11 + 10 + 4)
-6
20 - (27 + -16 + -2) - (-1 - 2)
14
Calculate -3 - 1 - (-11 + (17 - 9) + -14).
13
Evaluate -1 + (-1 - (-10 + 1)) - (15 + -9).
1
What is the value of (-22 - -21) + (4 + 0 - 2 - 16)?
-15
What is -21 + (0 - (-3 + 1) - -3) + -6?
-22
Calculate 6 - ((-4 + 2 - -5) + -4 - -2).
5
Calculate 11 - (-3 + (-11 - -22)) - 13.
-10
What is the value of (11 - (-6 - -15)) + 13 + -41?
-26
(-6 - (7 + -6) - -8) + (6 - -1)
8
3 - -10 - (9 + 20 + -24)
8
-7 + 2 + -3 - (-2 + -1 + 9)
-14
Evaluate 16 + 1 + (60 - 63).
14
What is the value of 3 + -12 + (6 - 13) + 25?
9
Evaluate 2 - (1 + 0 + 4 + -2).
-1
-3 + (2 - 1) - (67 - (-90 - -152))
-7
Evaluate -7 - ((-2 + 14 - (-22 + 31)) + 6).
-16
What is -22 + (-22 - (35 - 39))?
-40
8 - ((6 - 1) + 15 + -25 + 9)
4
Evaluate -8 + 0 - (16 - (2 + 13)).
-9
Evaluate -4 - (2 - (-8 - -8)) - 0.
-6
What is the value of (-3 - (2 - -5)) + (-54 - -52)?
-12
What is the value of (-3 - -58) + -41 + 2?
16
What is -6 - ((-5 - -1) + (102 - 108))?
4
Calculate -5 + 10 + -7 + 20.
18
What is the value of 9 - (155 + -159 + 0 + 4)?
9
What is (20 - 15) + 0 + -7 + 1?
-1
Calculate 7 - (37 + -3 + (2 + -16 - -9)).
-22
What is -14 + (-10 - -11) + 21?
8
1 - ((5 - (7 - 5)) + 6) - 5
-13
What is 1 + 1 + (-9 - 6)?
-13
23 - (-23 - (10 - 26))
30
Evaluate 137 + -137 - (-11 + 4).
7
What is the value of (15 - (3 - -29) - -13) + 0 + -1?
-5
Calculate 7 + 1 - ((-70 - -56) + (-4 - 1)).
27
What is the value of 2 + -13 + (35 - 10) + -11?
3
Evaluate (5 - (-8 + 0 - (92 - 96))) + -8.
1
What is the value of 15 - ((22 - 14) + -12)?
19
Evaluate 26 - (10 + (-29 - -17)).
28
1 + -3 + 11 + -352 + 342
-1
Calculate 8 + -2 - (73 + -51 - (-9 + 0)).
-25
-7 - (12 - (1 - -6)) - -4
-8
What is the value of (18 - (-1 + (4 - 0))) + -17 + 12?
10
What is the value of -2 - -3 - ((-13 - -38) + -15)?
-9
Evaluate 21 + (-90 - -31 - -17).
-21
What is -27 + 6 + -4 + 7 + -9?
-27
Calculate -15 + 7 + 4 - -14 - 10.
0
What is (-16 + (-4 - -29) - (-5 - -4)) + -11?
-1
0 + -1 + 5 + -7 - (-83 + 76)
4
Calculate -11 + 29 - (89 - 93).
22
What is 0 + 1 + (5 - (12 + (-23 - -6)))?
11
What is the value of -2 + -10 + 183 + -161?
10
Evaluate (-1 - -13) + (-4 - 0) + (-3 - -4).
9
-1 + -14 - (-9 + -3 - -9)
-12
(22 - 26) + 3 + -2 + (3 - 8)
-8
-355 - -356 - (0 - (-1 - (1 - 0)))
-1
Calculate 3 + -12 - (3 + 0 + -109 + 111).
-14
-4 + (-10 - -13) + (-5 - -2) - -8
4
(2 - (9 + -3)) + (35 - 40)
-9
What is -6 + (3 - -14) - 9?
2
What is the value of (50 - 43) + (2 - -10)?
19
0 - 4 - ((-18 - -15) + 5)
-6
Calculate (-38 - -62) + (-7 - 9).
8
What is the value of (-7 - -1) + (-10 - (13 - 23))?
-6
What is 3 + (-8 - (-10 - -4))?
1
Calculate (12 - 8) + (7 - 9 - -3).
5
-7 + (-3 - -12) + -13 - (-5 + -1)
-5
Calculate -33 + 1 - (-19 - -2 - -6).
-21
154 + -174 + (2 - -2)
-16
86 + (1 - 35) + (-20 - -4)
36
What is the value of 22 + -36 - (15 - 30)?
1
What is the value of -4 + 11 + -23 - -13?
-3
Evaluate -22 - ((6 - 0) + (-9 - -8 - 13)).
-14
(-17 + (17 - 0) - 1) + 1 + 1
1
-17 + (9 - (-47 - -17))
22
Calculate -6 + 19 + -13 + 2.
2
2 + (-1 - -6) + -3 + 0
4
What is the value of (-20 - -4) + (-4 - (-15 - 10))?
5
8 + 1 - (177 + -75 - 68)
-25
What is the value of -2 - (8 + 9 + (-8 - -3))?
-14
What is 2 + (2 - 2 - (-8 - (7 - 27)))?
-10
Calculate (2 - 10) + 16 - -2.
10
Evaluate -159 + 206 - (27 + 2).
18
What is (-4 - (2 + -5)) + -3 + (-40 - -32)?
-12
Calculate -5 + (5 - (-7 + (4 + 13 - 2))).
-8
What is the value of 13 - (5 - (15 + -16))?
7
Calculate (12 - (-3 + 15)) + -2 + 10.
8
(1 - (-4 + -2 + 3)) + 167 + -185
-14
Evaluate (-7 + (8 - 14) - -1) + -3 + 0.
-15
-43 - 0 - (33 + -61 + 16)
-31
42 + (-22 - 37 - -11)
-6
Evaluate 4 + -1 + -37 + 12 + 0.
-22
What is the value of -2 + -1 - (6 + -11) - (-13 + 3)?
12
What is the value of -14 + 6 - (6 - 6)?
-8
What is the value of 4 + (6 + -7 - -4) + -2?
5
Evaluate 26 + (-47 - (49 + -69)).
-1
What is the value of -18 + 8 + (19 - 6)?
3
Calculate (1 - -3 - 1) + (94 - 115).
-18
What is the value of 23 - 28 - (1 - (8 + -5))?
-3
Evaluate (4 - -2) + 6 + -22.
-10
What is the value of (-1 - -34 - 23) + 4?
14
What is (-13 - (-15 + 9)) + 23 + -2?
14
Evaluate 4 - (0 - (-2 + 2)) - (-25 - -32).
-3
What is the value of 9 - (-6 + 11 - (7 + -12))?
-1
1 + -1 + -33 - (-2466 - -2464)
-31
Calculate (1 - 2) + (0 + -2 - -1) + 10.
8
What is 1 + (4 - 6 - 0)?
-1
Evaluate 18 + 14 + -30 + 11 - -4.
17
What is the value of 19 - (13 - -11) - (2 - 3 - 23)?
19
Evaluate 27 + (-7 - 2) - 26.
-8
What is 7 - 0 - (-20 + (-13 - -32) - 10)?
18
What is the value of (76 - 70) + (-2 - -2)?
6
What is 3 + (-29 - -15) + -1?
-12
Calculate -4 + -3 + (0 - 12) + (3 - -2).
-14
Calculate 1 + 12 - 8 - -11.
16
8 - (0 - (-14 - -